MONTHLY CLIMATOLOGICAL SUMMARY for JAN. 2020

NAME:    CITY:  STATE: 
ELEV:  LAT:  LONG: 

                            TEMPERATURE ( F), RAIN (in.), WIND SPEED (mph)

                                               HEAT     COOL           AVG
      MEAN                                     DEG      DEG            WIND                       DOM
DAY   TEMP    HIGH   TIME     LOW    TIME      DAYS     DAYS    RAIN   SPEED    HIGH    TIME      DIR
--------------------------------------------------------------------------------------------------------
01    42.5   048.0   13:36    32.0   00:00     22.4     00.0   00.00   05.3     26.4    11:22      NW
02    41.2   053.9   15:20    29.3   05:17     23.7     00.0   00.11   01.6     09.2    17:59      N 
03    47.0   050.7   16:29    42.4   01:29     17.9     00.0   00.18   01.1     09.2    01:18      N 
04    49.8   060.3   13:23    38.9   23:38     15.1     00.0   00.09   04.5     34.5    20:22     NNW
05    38.1   043.9   16:34    28.8   00:00     26.9     00.0   00.00   05.6     33.4    01:30      N 
06    42.4   050.8   15:49    28.4   00:00     22.5     00.0   00.00   04.7     27.6    12:20     NNW
07    33.1   040.8   16:12    27.8   01:50     31.8     00.0   00.16   02.9     29.9    15:52      N 
08    42.5   049.6   16:01    29.9   00:00     22.5     00.0   00.00   07.2     35.6    12:43      NW
09    32.5   042.2   15:01    24.6   07:35     32.4     00.0   00.00   01.4     10.3    14:43     NNE
10    42.9   052.2   17:35    28.9   00:36     22.0     00.0   00.00   01.4     10.3    12:01      NE
11    54.4   065.6   22:18    46.3   04:53     10.6     00.0   00.78   01.9     26.4    22:25     SSE
12    57.6   064.0   02:59    43.2   23:58     07.3     00.0   00.04   04.9     34.5    05:03     WSW
13    46.6   055.7   14:30    40.5   08:23     18.3     00.0   00.00   01.3     05.8    04:48      NW
14    48.9   054.6   16:01    43.9   00:03     16.0     00.0   00.02   00.9     08.1    13:29     NNW
15    49.3   061.0   16:16    37.9   07:27     15.6     00.0   00.01   01.9     11.5    07:57      N 
16    50.0   060.3   05:12    36.9   00:00     14.9     00.0   00.00   07.0     34.5    14:06     NNW
17    34.3   039.6   15:20    30.3   08:05     30.6     00.0   00.00   02.8     19.6    03:34      N 
18    35.1   039.5   12:30    31.5   08:15     29.8     00.0   00.09   02.3     12.7    12:33      N 
19    38.1   052.6   04:58    26.9   00:00     26.8     00.0   00.00   07.9     35.6    10:42     NNW
20    27.2   033.6   16:05    22.0   07:34     37.8     00.0   00.00   05.0     20.7    10:28      N 
21    26.1   035.5   17:06    19.6   07:45     38.8     00.0   00.00   04.2     18.4    13:29      N 
22    27.5   041.6   16:06    16.3   08:24     37.5     00.0   00.00   01.2     09.2    10:37      N 
23    30.8   041.9   16:01    21.1   03:49     34.2     00.0   00.00   01.8     11.5    10:28      N 
24    37.7   045.5   20:45    31.5   00:07     27.2     00.0   01.18   01.6     29.9    20:06      N 
25    42.7   050.7   13:25    33.9   22:16     22.2     00.0   00.03   04.4     29.9    15:17      NW
26    37.5   043.2   13:19    27.5   00:00     27.5     00.0   00.00   04.4     34.5    12:42      N 
27    37.2   049.7   13:32    25.8   04:39     27.8     00.0   00.00   02.3     18.4    14:17      NW
28    39.8   044.4   14:18    35.7   23:44     25.1     00.0   00.00   03.5     19.6    15:34      N 
29    37.7   042.7   16:08    33.1   21:42     27.3     00.0   00.00   02.1     12.7    18:05      N 
30    37.1   041.6   15:46    32.4   00:00     27.8     00.0   00.00   01.5     11.5    11:23      N 
31    34.2   039.5   12:32    28.4   05:13     30.8     00.0   00.00   01.1     08.1    10:47      N 
--------------------------------------------------------------------------------------------------------
40.1 (39.9)   65.6  day 11     16.3  day 22   771.1    000.0   02.76   03.2     35.7   day 12     NNW
Min <=  86: 31
Min <=  23: 4
Max Rain: 1.18 ON 24-01-20
Days of Rain: 11 (> .008in) 7 (> .08in) 1 (> 0.8in)