MONTHLY CLIMATOLOGICAL SUMMARY for MAR. 2020

NAME:    CITY:  STATE: 
ELEV:  LAT:  LONG: 

                            TEMPERATURE ( F), RAIN (in.), WIND SPEED (mph)

                                               HEAT     COOL           AVG
      MEAN                                     DEG      DEG            WIND                       DOM
DAY   TEMP    HIGH   TIME     LOW    TIME      DAYS     DAYS    RAIN   SPEED    HIGH    TIME      DIR
--------------------------------------------------------------------------------------------------------
01    41.0   056.4   16:27    23.9   07:06     24.0     00.0   00.00   02.0     17.3    07:40      N 
02    45.8   059.2   13:15    29.6   04:59     19.1     00.0   00.00   02.2     26.4    14:52      N 
03    52.7   067.0   15:55    40.0   04:19     12.2     00.0   00.14   04.2     32.2    21:02      NW
04    53.7   063.6   16:06    44.6   00:00     11.2     00.0   00.00   03.8     27.6    00:40     NNW
05    47.0   054.5   13:24    37.7   00:00     17.9     00.0   00.00   01.8     10.3    15:53      N 
06    39.3   050.2   10:31    30.3   06:04     25.7     00.0   00.00   06.2     42.5    14:56      N 
07    40.9   048.2   16:38    34.6   00:00     24.0     00.0   00.00   07.0     35.6    14:48      N 
08    44.6   062.6   17:05    26.6   08:11     20.4     00.0   00.00   02.8     13.8    18:31      N 
09    50.5   068.9   15:59    29.2   08:24     14.4     00.0   00.00   02.2     17.3    17:33     ESE
10    59.5   070.8   15:16    53.1   05:43     05.4     00.0   00.05   03.6     28.8    14:15     WSW
11    58.7   071.6   17:28    49.3   08:34     06.2     00.0   00.00   01.8     19.6    16:22      W 
12    54.3   066.7   15:55    40.0   08:19     10.6     00.0   00.00   01.6     11.5    17:56     ENE
13    62.1   071.6   15:07    55.1   05:23     02.8     00.0   00.23   04.2     32.2    12:51      W 
14    51.5   062.1   15:05    42.5   07:30     13.4     00.0   00.08   02.0     13.8    00:01      N 
15    43.7   046.5   00:24    40.6   08:16     21.2     00.0   00.12   02.4     11.5    23:02     NNE
16    45.5   051.0   15:50    41.2   08:31     19.5     00.0   00.00   01.1     10.3    14:45      N 
17    52.8   066.9   15:30    43.9   08:21     12.1     00.0   00.00   01.9     19.6    15:41     NNW
18    48.9   056.0   18:20    40.2   07:07     16.0     00.0   00.17   01.6     10.3    15:25     NNE
19    61.1   076.9   16:18    47.4   07:50     03.9     00.0   00.06   01.5     20.7    18:26     ESE
20    68.2   080.9   14:35    59.1   05:40     00.0     03.3   00.09   04.1     39.1    14:46     SSW
21    59.1   066.9   16:55    49.7   00:00     05.8     00.0   00.08   02.7     18.4    16:18     NNW
22    48.1   051.7   16:15    44.4   08:01     16.8     00.0   00.00   03.0     13.8    14:51      N 
23    44.1   049.4   18:20    40.9   07:25     20.9     00.0   00.36   01.3     11.5    12:02      N 
24    49.1   059.1   12:27    42.3   07:53     15.8     00.0   00.29   01.7     12.7    13:49     NNE
25    50.2   056.2   18:16    45.4   08:24     14.7     00.0   00.58   01.7     10.3    04:50      N 
26    51.8   062.4   16:23    45.4   07:53     13.1     00.0   00.00   01.9     17.3    17:42      N 
27    63.7   084.3   14:07    43.6   07:45     01.2     00.0   00.00   02.3     21.9    11:35      NE
28    67.6   081.2   17:15    58.0   08:51     00.0     02.6   00.00   02.1     11.5    14:42     ENE
29    69.7   086.5   15:51    58.0   07:56     00.0     04.8   00.00   04.0     35.6    17:11     SSW
30    66.3   074.0   14:33    58.6   08:12     00.0     01.4   00.00   08.0     31.1    17:38      SW
31    49.1   060.8   00:04    43.1   22:46     15.8     00.0   00.72   01.5     10.3    07:07      N 
--------------------------------------------------------------------------------------------------------
52.9 (53.6)   86.5  day 29     23.9  day 01   384.3    012.1   02.99   02.8     42.6   day 20     NNW
Max >=  86: 1
Min <=  86: 31
Max Rain: 0.72 ON 31-03-20
Days of Rain: 13 (> .008in) 11 (> .08in) 0 (> 0.8in)