MONTHLY CLIMATOLOGICAL SUMMARY for APR. 2020

NAME:    CITY:  STATE: 
ELEV:  LAT:  LONG: 

                            TEMPERATURE ( F), RAIN (in.), WIND SPEED (mph)

                                               HEAT     COOL           AVG
      MEAN                                     DEG      DEG            WIND                       DOM
DAY   TEMP    HIGH   TIME     LOW    TIME      DAYS     DAYS    RAIN   SPEED    HIGH    TIME      DIR
--------------------------------------------------------------------------------------------------------
01    46.6   054.3   17:55    41.2   06:10     18.4     00.0   00.03   03.9     19.6    20:25      N 
02    51.8   059.6   16:12    44.1   07:45     13.1     00.0   00.00   05.2     28.8    15:32      N 
03    57.9   069.0   17:32    47.4   07:32     07.0     00.0   00.00   05.2     26.4    13:19     NNW
04    56.1   074.0   17:15    37.0   07:42     08.8     00.0   00.00   01.9     16.1    16:49      N 
05    57.8   072.6   16:14    40.8   07:32     07.1     00.0   00.00   01.1     09.2    15:20     NNE
06    61.4   077.1   17:08    46.5   07:12     03.5     00.0   00.00   03.1     23.0    12:44     WNW
07    65.0   081.2   17:01    46.9   07:18     00.0     00.0   00.00   02.8     20.7    16:46      SW
08    66.2   078.8   15:34    54.6   23:49     00.0     01.3   00.14   04.3     50.6    07:01     WSW
09    60.3   072.1   12:57    52.5   03:27     04.6     00.0   00.03   07.4     47.1    11:38      W 
10    45.9   053.0   00:10    37.5   23:38     19.0     00.0   00.00   07.0     41.4    12:24      N 
11    48.4   065.3   15:25    30.1   07:19     16.6     00.0   00.00   02.4     25.3    10:28     NNW
12    56.7   068.3   13:35    46.7   06:36     08.2     00.0   00.79   01.7     14.9    15:13     NNE
13    64.7   073.9   14:23    52.3   00:00     00.2     00.0   01.96   06.2     34.5    13:12      SW
14    50.9   061.5   16:46    41.0   00:00     14.0     00.0   00.07   02.9     24.1    20:19      N 
15    43.5   055.6   18:11    35.6   03:52     21.4     00.0   00.32   02.6     13.8    12:03      N 
16    45.6   060.2   16:29    31.2   05:40     19.4     00.0   00.00   03.8     32.2    14:37      N 
17    52.7   070.3   16:37    32.1   07:02     12.3     00.0   00.00   02.7     27.6    16:48      E 
18    52.5   060.7   03:32    38.4   00:00     12.4     00.0   00.02   04.5     27.6    12:36      N 
19    48.9   067.2   17:09    30.7   06:52     16.1     00.0   00.00   01.4     13.8    16:17      N 
20    54.2   067.8   17:03    45.5   00:00     10.8     00.0   00.36   02.2     19.6    17:23     NNW
21    56.3   070.8   15:45    40.0   07:06     08.7     00.0   00.00   05.8     34.5    17:35     WSW
22    53.4   068.7   18:24    36.6   07:10     11.6     00.0   00.00   03.2     26.4    00:13     NNW
23    51.4   055.2   08:52    46.4   03:57     13.6     00.0   00.20   01.2     19.6    12:20      N 
24    61.5   072.7   12:41    52.9   01:21     03.5     00.0   00.07   03.1     23.0    13:11     WSW
25    54.0   059.2   12:32    50.9   23:32     10.9     00.0   00.70   01.2     08.1    18:17      N 
26    55.9   070.0   14:43    50.4   06:57     09.0     00.0   00.15   03.4     31.1    18:41     SSW
27    53.8   062.3   17:08    41.7   00:00     11.1     00.0   00.00   04.6     29.9    13:25     WSW
28    53.8   069.6   17:44    40.2   01:38     11.2     00.0   00.00   00.9     08.1    11:01      E 
29    61.0   074.9   13:25    47.5   06:25     04.0     00.0   00.16   02.1     18.4    21:09     ENE
30    56.3   065.1   14:29    51.1   07:14     08.7     00.0   01.43   02.5     20.7    01:22     SSW
--------------------------------------------------------------------------------------------------------
54.8 (55.0)   81.2  day 07     30.1  day 11   305.0    001.3   06.45   03.4     50.6   day 08     NNW
Min <=  86: 30
Max Rain: 1.96 ON 13-04-20
Days of Rain: 15 (> .008in) 10 (> .08in) 2 (> 0.8in)