MONTHLY CLIMATOLOGICAL SUMMARY for MAY. 2020

NAME:    CITY:  STATE: 
ELEV:  LAT:  LONG: 

                            TEMPERATURE ( F), RAIN (in.), WIND SPEED (mph)

                                               HEAT     COOL           AVG
      MEAN                                     DEG      DEG            WIND                       DOM
DAY   TEMP    HIGH   TIME     LOW    TIME      DAYS     DAYS    RAIN   SPEED    HIGH    TIME      DIR
--------------------------------------------------------------------------------------------------------
01    54.4   060.2   12:32    50.0   06:55     10.6     00.0   00.00   04.1     31.1    12:26     NNW
02    60.7   074.5   15:50    46.4   05:41     04.2     00.0   00.00   01.9     17.3    10:48      N 
03    69.0   087.2   17:17    50.6   05:11     00.0     04.1   00.00   02.4     35.6    23:37      SW
04    67.3   076.7   16:09    53.3   00:00     00.0     02.3   00.00   03.0     23.0    13:47     WSW
05    51.5   054.0   00:32    48.6   11:11     13.4     00.0   00.09   00.7     05.8    15:15      N 
06    51.6   059.0   09:22    45.6   00:00     13.3     00.0   00.00   03.2     28.8    14:27     NNW
07    52.5   066.6   16:18    36.6   07:00     12.4     00.0   00.00   03.2     21.9    14:58     NNW
08    50.4   064.4   12:16    38.6   06:14     14.5     00.0   00.03   02.4     29.9    23:57      NW
09    45.3   055.4   15:44    35.5   00:00     19.7     00.0   00.00   04.5     38.0    15:07      N 
10    50.1   067.3   16:51    30.5   06:40     14.9     00.0   00.00   01.9     14.9    14:34     NNE
11    51.3   057.0   13:09    46.0   00:00     13.6     00.0   00.00   06.1     34.5    10:17      N 
12    50.8   063.6   17:10    39.1   06:50     14.1     00.0   00.00   02.6     24.1    12:57      N 
13    51.9   065.8   14:27    38.6   03:50     13.0     00.0   00.00   00.9     10.3    14:24      NW
14    61.8   078.4   15:49    52.2   06:18     03.2     00.0   00.14   01.0     17.3    19:07     NNE
15    68.0   083.5   15:22    52.4   07:33     00.0     03.0   00.00   01.5     12.7    17:28     ENE
16    70.6   086.1   16:05    54.4   06:47     00.0     05.7   00.00   01.4     11.5    20:28      NE
17    69.9   077.9   17:00    65.4   06:17     00.0     05.0   00.00   01.5     09.2    21:34      NE
18    64.0   069.4   11:28    59.0   00:00     01.0     00.0   00.70   01.3     09.2    15:16      NE
19    52.8   059.1   00:02    46.6   00:00     12.2     00.0   02.56   02.2     17.3    19:51      N 
20    47.0   051.0   22:49    43.4   08:35     17.9     00.0   01.68   01.8     12.7    19:16      N 
21    53.3   057.8   00:00    50.3   05:41     11.7     00.0   01.53   01.6     14.9    05:57      N 
22    64.5   077.3   14:39    57.3   04:28     00.4     00.0   00.38   01.5     11.5    12:44     NNW
23    67.5   081.8   16:40    55.2   06:43     00.0     02.6   00.00   01.2     19.6    17:02     WSW
24    67.9   080.4   15:30    58.9   07:11     00.0     03.0   00.01   01.8     17.3    17:33     NNE
25    65.0   070.6   16:04    60.8   07:24     00.0     00.0   00.00   00.7     05.8    00:18      NE
26    69.1   076.1   16:20    64.3   06:38     00.0     04.1   00.00   00.6     08.1    13:05     ENE
27    67.6   070.2   18:35    65.0   07:15     00.0     02.6   00.39   01.0     11.5    22:44      NE
28    73.3   082.7   16:23    66.8   06:59     00.0     08.3   00.24   01.8     13.8    02:40      E 
29    72.9   080.0   13:07    66.9   06:07     00.0     07.9   00.13   01.3     16.1    21:45     ENE
30    72.1   083.2   14:29    61.1   23:59     00.0     07.1   00.00   01.8     14.9    15:46      W 
31    66.9   077.3   17:34    56.1   06:10     00.0     02.0   00.00   02.2     12.7    17:57     NNW
--------------------------------------------------------------------------------------------------------
60.7 (61.1)   87.2  day 03     30.5  day 10   190.0    057.7   07.90   02.0     38.0   day 03     N
Max >=  86: 2
Min <=  86: 31
Max Rain: 2.56 ON 19-05-20
Days of Rain: 12 (> .008in) 10 (> .08in) 3 (> 0.8in)